= -12*g. What is the remainder when g is divided by 14?
11
Let c(p) = -p**3 - 4*p**2 + 5*p + 15. Calculate the remainder when c(-6) is divided by 12.
9
Suppose 3*x - 12 - 21 = 0. What is the remainder when (-42)/(-9)*(-9)/(-2) is divided by x?
10
Suppose -q = -3*q + 18. Let r = 263 - 169. Suppose 2*p - 3*g = -3*p + r, -5*p + g = -88. What is the remainder when p is divided by q?
8
Let k(y) = y**2 - 2*y - 2. Let i be k(3). Let z be 2/(-1) - i - 0. What is the remainder when (-13)/((z + 1)/2) is divided by 7?
6
Let s(d) = d**2 + 3*d - 1. Let u be s(-3). Let q be u/(-2) + 18/4. Calculate the remainder when 13 is divided by (q/5)/(2/14).
6
Let f be 1/(-2)*102/(-3). Let u = -4 + f. What is the remainder when u is divided by 5?
3
Suppose -3*b = 5*c - 201, 3*c + 4*b - 114 = -0*b. What is the remainder when c is divided by 12?
6
Suppose 72 - 7 = 5*i. Suppose y + 0 - i = 0. What is the remainder when 37 is divided by y?
11
Suppose 4 = -5*x - 6. What is the remainder when 44 is divided by (-7 - x)/((-1)/3)?
14
Let x(d) = 106*d**3 - d**2 + 2*d - 1. Let f be x(1). Let p = -76 + f. What is the remainder when p is divided by 16?
14
Let y(z) = z**3 - 2*z**2 - z - 3. Let k = 115 + -104. Calculate the remainder when k is divided by y(3).
2
Suppose -3*a - 146 = -5*d + 84, 0 = 3*d - 4*a - 149. Suppose 2*p - 3*n - d = 0, 4*p + 3*n = 5*p - 20. What is the remainder when p is divided by 2/2*(7 - -1)?
7
Let v(h) = 6*h - 9. Let m be v(6). Let l = m + -13. Suppose -2*x - l = -3*j, -j - 2*j - 2*x = -22. What is the remainder when 10 is divided by j?
4
Calculate the remainder when 1 - -1 - 312/(-12) is divided by 10.
8
Suppose l - 4 = 0, 5*i = -l + 20 + 14. What is the remainder when i is divided by 4?
2
Suppose 5 = 2*p + 1. Let n be (-3 + p)*1*-23. Let x = n + -14. Calculate the remainder when 16 is divided by x.
7
Calculate the remainder when 219 is divided by 260/6 - 8/(-12).
43
Suppose 0 = -2*j + 28 + 292. Calculate the remainder when j is divided by 18.
16
Let a = 24 - 17. What is the remainder when a is divided by 4?
3
Let a be (-15)/(-6) - 1/(-2). Suppose a*q + 2*q - 20 = 0. Calculate the remainder when 11 is divided by q.
3
Suppose x = -2*x + l + 140, -4*l - 200 = -4*x. Calculate the remainder when 127 is divided by x.
37
Let g = -5 + 11. Let l = -214 + 223. What is the remainder when l is divided by g?
3
Suppose 8*b = 3*b + 15, 3*f - 5*b - 72 = 0. What is the remainder when f is divided by (1 + 1)*15/2?
14
Let h(t) = t**3 + 8*t**2 - 6*t - 17. Calculate the remainder when h(-8) is divided by 8.
7
Suppose h - 2 = -0. Let j = h + -2. What is the remainder when 28 is divided by (j - 0)/(-3) + 10?
8
Suppose -3*x + 4 + 8 = 0. Suppose -x*u - 2 + 14 = 0. Suppose -3*m - 41 = -u*f + f, -5*f = -2*m - 97. Calculate the remainder when f is divided by 10.
9
Let v be (-1)/((-1 - 0)/(-1)). Let y(f) = -9*f - 1. What is the remainder when y(v) is divided by ((-21)/14)/(3/(-10))?
3
Suppose -o - 12 = -7, -3*y - 2*o = -56. Let q(i) = -3*i + 2. What is the remainder when y is divided by q(-2)?
6
Let o(z) = 3*z**2 + 4*z + 20. What is the remainder when 152 is divided by o(-4)?
48
Let r(u) = -u**2 - 9*u + 7. Calculate the remainder when r(-5) is divided by 7.
6
Let z = -33 + 40. Calculate the remainder when 60 is divided by z.
4
Suppose -7 = -5*x - i - 3*i, 4*x - 6 = -3*i. Let o be 1/(-3) + 473/33. Suppose 4*q - x*q = o. What is the remainder when 26 is divided by q?
12
Let p be 2/((-1)/((-2)/(-2))). Calculate the remainder when (-12 - -1)/(p/10) is divided by 19.
17
Calculate the remainder when (-12)/(-18) - 136/(-12) is divided by 8.
4
Suppose 28 = -6*v + 10*v. Calculate the remainder when 23 is divided by v.
2
Calculate the remainder when -4*(-6)/(-4)*-3 is divided by 9 + -3*(-3)/9.
8
Suppose -3*g = -g - 28. Suppose -g - 2 = -4*l. Suppose l*p - p = 21. What is the remainder when 27 is divided by p?
6
Let u be -1*(-1 + 0) - -24. Suppose 0 = 2*i - 5*s - u - 7, 4*s - 14 = -2*i. What is the remainder when 41 is divided by i?
8
Let f be 5*((-2)/(-10) + -1). Let p be 2/8 - f/(-16). Suppose -170 = -5*t - p*t. What is the remainder when t is divided by 18?
16
Suppose 2*c = c + 14. Suppose i - 3*i + 148 = 0. Let b = i + -48. What is the remainder when b is divided by c?
12
Suppose -2*b - 6 = 4*g - 2, -2 = -2*b - g. Let k be -2 + (-2)/b + -1. Let i(m) = -3*m + 2. Calculate the remainder when 53 is divided by i(k).
11
Let h be -7 + (1 - (-12)/(-3)). Let i = h - -11. What is the remainder when 1 is divided by i?
0
What is the remainder when 4 + -1 + 71 + -4 is divided by 24?
22
Let w be (-544)/(-12) + (-1)/3. Suppose -5*x + w = 5*h, 3*x + 33 = h + 2*h. What is the remainder when 18 is divided by h?
8
Let r = 111 + -84. What is the remainder when r is divided by 2?
1
Suppose 3*k + 5*f + 0*f - 14 = 0, -4*k + 15 = 3*f. Suppose k*g = 0, -l - 5*g - 3 = -12. What is the remainder when 26 is divided by l?
8
Let u = -34 - -75. Suppose 2*r = -3 + u. Calculate the remainder when 73 is divided by r.
16
Let d = -100 + 191. Calculate the remainder when d is divided by 47.
44
Let j be -3*(3 + (-14)/6). Suppose 2*i - 26 = -8. Let h = j + i. What is the remainder when 20 is divided by h?
6
Suppose -5*q = -10*q + 180. Suppose -g + 17 = -2*o - 8, -g + 31 = -5*o. Let u = q - g. What is the remainder when 28 is divided by u?
13
Calculate the remainder when (8/(-6))/(10/(-225)) is divided by 7.
2
Suppose -2*h + 34 = -4. What is the remainder when 129 is divided by h?
15
Suppose -o + g = 6*g - 14, 0 = 2*o + 3*g - 35. Let k = -13 + o. Suppose 125 = k*h - h. What is the remainder when h is divided by 9?
7
Suppose 0 = 6*s + 39 - 93. Calculate the remainder when 58 is divided by s.
4
Let o = -4 - 1. Let s(n) = n**2 - 3*n - 6. What is the remainder when s(o) is divided by 9?
7
Let p be 6/(-15) + 6/(-10). Let w be p/2*(-1 + 1). Suppose 4*y + 2*z - 96 = w, -y = 2*z - 31 + 4. What is the remainder when y is divided by 8?
7
Suppose -83*s + 79*s = -56. Let h(c) = 2*c**3 - 6*c**2 + 2*c. Calculate the remainder when h(4) is divided by s.
12
Calculate the remainder when 2 is divided by (2/3)/((-14)/(-21)).
0
Let n = -17 - -28. Calculate the remainder when 42 is divided by n.
9
Suppose 0 = 3*x - 2*x - 4. What is the remainder when 4/14 + 68/7 is divided by x?
2
Let z(l) be the second derivative of 0 - 7/2*l**2 + 5/12*l**4 + 3*l + 2/3*l**3 - 1/20*l**5. Calculate the remainder when 25 is divided by z(5).
12
Let n = 74 - 17. Let w be ((-18)/12)/((-3)/62). Suppose 4*u = w + 29. Calculate the remainder when n is divided by u.
12
Let u = 121 - 108. What is the remainder when 54 is divided by u?
2
Suppose 4*g = t - 8 - 43, -4*g - 3*t = 55. Let s = 29 + g. Calculate the remainder when s/7 + (-2)/7 is divided by 2.
0
Suppose -o = -3 - 0. Suppose -3*v = 2*v + 25, 96 = o*t - 3*v. Suppose -c = 3*c - 28. What is the remainder when t is divided by c?
6
Let a = -71 - -106. What is the remainder when 242 is divided by a?
32
Let g be 1/4 - 8/32. Suppose 4*c - 5*f = 62, -5*c + g*f = -f - 67. Calculate the remainder when 1 + 23*1 + 1 is divided by c.
12
Let q(c) = -5*c - 3. Suppose -24 + 28 = 3*k + u, 0 = 4*k + 2*u - 4. What is the remainder when q(-2) is divided by k?
1
Let c be ((-11)/(-2))/((-2)/24). Let g = -32 - c. Suppose -2*n + 8 = 2*n, -4*n - 52 = -5*q. What is the remainder when g is divided by q?
10
Suppose 4*d + 5 = 25. Suppose 0 = 4*k - 2*x - 6, d*k + 0*k = 4*x. Let y = 3 - 0. Calculate the remainder when k is divided by y.
1
Let p = -101 - -151. What is the remainder when p is divided by 4?
2
Let o(x) = -x**2 - 5*x - 5. Let k be o(-2). What is the remainder when ((-3)/2 + k)*-26 is divided by 4?
1
Suppose 0 = -v + 34 + 15. What is the remainder when v is divided by 13?
10
Suppose 4*d + 0*q = -5*q + 153, -79 = -2*d - 3*q. Calculate the remainder when d is divided by 11.
10
Suppose -26 = -m - 5*p, -2*m + p + 52 = -0*p. What is the remainder when 75 is divided by m?
23
Suppose -t + 3 = -5*l, -t - t + 6 = -2*l. Calculate the remainder when 5 is divided by t.
2
Let x(d) = -d**2 + 18*d + 13. What is the remainder when 35 is divided by x(18)?
9
Let v(q) = 3*q**3 - 3*q**2 + 3*q - 5. What is the remainder when 22 is divided by v(2)?
9
Suppose 4*a - 12 = a. Suppose 0 = 5*j - j + a*q + 32, 4*j - q = -32. What is the remainder when 21 is div